{"id":77,"date":"2016-10-25T08:37:28","date_gmt":"2016-10-25T08:37:28","guid":{"rendered":"http:\/\/www.luteryenkilisesi.org\/wp_dev\/?page_id=77"},"modified":"2017-03-27T16:10:06","modified_gmt":"2017-03-27T13:10:06","slug":"tarihi","status":"publish","type":"page","link":"http:\/\/www.luteryenkilisesi.org\/?page_id=77","title":{"rendered":"Tarih"},"content":{"rendered":"<p>&nbsp;<\/p>\n<h3 style=\"text-align: center;\">TestT\u00dcRK\u0130YE&#8217;DE LUTERYEN K\u0130L\u0130SES\u0130&#8217;N\u0130N TAR\u0130H\u0130<\/h3>\n<p>\u0130sve\u00e7, ilk Luteryen rahiplerini 1709 y\u0131l\u0131nda \u0130stanbul&#8217;a g\u00f6nderdi. Ayn\u0131 y\u0131l \u0130sve\u00e7 Kral\u0131 XII. Karl, Poltava sava\u015f\u0131nda Ruslara yenildi, Osmanl\u0131lar\u0131n himayesine s\u0131\u011f\u0131nd\u0131.<\/p>\n<p>1741 y\u0131l\u0131nda \u0130sve\u00e7 Parlamentosu, \u0130stanbul&#8217;da bir kilise yapmak i\u00e7in para toplamaya karar verdi. Bu plan i\u00e7in Almanya ve Finlandiya&#8217;dan da para topland\u0131. Kilise, 1748 y\u0131l\u0131nda \u0130sve\u00e7 B\u00fcy\u00fck El\u00e7ili\u011fi&#8217;nin bah\u00e7esine in\u015fa edildi. Bu kilise 1818&#8217;de yand\u0131 ve yerine \u015fu andaki gotik, k\u00fc\u00e7\u00fck ah\u015fap kilise yap\u0131ld\u0131. 1884&#8217;ten sonra \u0130sve\u00e7 h\u00fck\u00fcmeti kilisenin giderlerini ve \u00e7al\u0131\u015fan pederin \u00fccretini kar\u015f\u0131lamay\u0131 durdurdu.<\/p>\n<p>\u0130stanbul&#8217;da ya\u015fayan Luteryen Hristiyanlar 1999 y\u0131l\u0131nda \u0130sve\u00e7 Konsoloslu\u011fu&#8217;nun bo\u015f duran kilisesinde Luteryen tarz\u0131 ibadete ba\u015flad\u0131lar. T\u00fcrk\u00e7e konu\u015fan bir peder bulunduktan sonra ibadetler T\u00fcrk\u00e7e olarak yap\u0131lmaya ba\u015fland\u0131.<\/p>\n<p>\u0130stanbul Luteryen Kilisesi, \u015eubat 2005&#8217;de T\u00fcrk h\u00fck\u00fcmetinin sa\u011flad\u0131\u011f\u0131 imkanlarla tescil edildi. Kas\u0131m 2006&#8217;da \u0130stanbul&#8217;daki cemaatin yan\u0131 s\u0131ra, Bulgaristan&#8217;\u0131n Pe\u015ftera ve Almanya&#8217;n\u0131n Mannheim \u015fehirlerindeki T\u00fcrk\u00e7e konu\u015fan Luteryen cemaatleri de \u0130stanbul Luteryen kilisesi ile birlikte hareket etmeye ba\u015flad\u0131. Kas\u0131m\u00a02012&#8217;de \u0130zmir\u2019de Luteryen cemaat a\u00e7\u0131ld\u0131 ve 2013 y\u0131l\u0131n sonunda Bulgaristan\u2019daki Krushevo k\u00f6y\u00fcnde Luteryen ayinler ba\u015fland\u0131.<\/p>\n<p>2008&#8217;de \u0130stanbul Luteryen cemaati \u0130stiklal Caddesi \u00fczerinde bo\u015f duran daha geni\u015f Surp Yerrortutyun yani \u00dc\u00e7l\u00fc Birlik kilise binas\u0131nda ibadete ba\u015flad\u0131. Nisan 2016&#8217;te \u00dc\u00e7l\u00fc Birlik Kilisesinin tadilat i\u015flerinden dolay\u0131 cemaat Karak\u00f6y&#8217;deki Ermeni Katolik Kilisesinin Surp Pirgi\u00e7 Kilise&#8217;sine ta\u015f\u0131nm\u0131\u015f.<\/p>\n<p>&nbsp;<\/p>\n<h3 style=\"text-align: center;\">\u0130STANBUL LUTERYEN K\u0130L\u0130SES\u0130<\/h3>\n<p>El\u00e7i Pavlus yakla\u015f\u0131k 2000 sene \u00f6nce Efes&#8217;teki Hristiyanlara g\u00f6nderdi\u011fi mektubunda \u015f\u00f6yle yaz\u0131yor: &#8220;B\u00f6ylece art\u0131k yabanc\u0131 ve garip de\u011fil, kutsallarla birlikte yurtta\u015f ve Tanr\u0131&#8217;n\u0131n ev halk\u0131s\u0131n\u0131z. El\u00e7ilerle peygamberlerden olu\u015fan temel \u00fczerine bina edildiniz. K\u00f6\u015fe ta\u015f\u0131 Mesih \u0130sa&#8217;n\u0131n kendisidir. B\u00fct\u00fcn yap\u0131, Rab&#8217;be ait kutsal bir tap\u0131nak olmak \u00fczere O&#8217;nda kenetlenip y\u00fckseliyor. Siz de Ruh arac\u0131l\u0131\u011f\u0131yla, Tanr\u0131&#8217;n\u0131n konutu olmak \u00fczere hep birlikte Mesih&#8217;te in\u015fa ediliyorsunuz&#8221; (Ef. Mektup 2:19-22). Bu kilisenin tan\u0131m\u0131d\u0131r ve \u0130stanbul Luteryen Kilisesi, bug\u00fcn de ayn\u0131 temelin \u00fczerinde ayakta durmak istiyor.<\/p>\n<p>&#8211; \u0130stanbul Luteryen Kilisesi, Hristiyan iman\u0131n\u0131 ikrar eder. Bu iman, Kutsal Kitap&#8217;a, Eski ve Yeni Antla\u015fmalar&#8217;\u0131n Baba Allah, O\u011ful ve Kutsal Ruh&#8217;tan olu\u015fan \u00dc\u00e7l\u00fc Birlik&#8217;e tan\u0131kl\u0131\u011f\u0131na dayanmakta ve\u00a0\u00fc\u00e7 evrensel inan\u00e7 ikrar\u0131na ve Luteryen iman ikrarlar\u0131na\u00a0ve Luteryen \u0130man A\u00e7\u0131klamalar\u0131&#8217;nda da belirtilmektedir.<\/p>\n<p>-\u0130stanbul Luteryen Kilisesi \u00e7arm\u0131ha gerilip \u00f6len ve \u00fc\u00e7 g\u00fcn sonra dirilen, her ulusa mensup insanlar\u0131 Kilisesi&#8217;ne davet eden \u0130sa Mesih&#8217;i, tek, kutsal, evrensel ve el\u00e7isel kilisenin Rab&#8217;bi olarak duyurur.<\/p>\n<p>&#8211; \u0130stanbul Luteryen Kilisesi, kilise ibadetinin y\u00f6netimi, \u00f6\u011freti\u015f ve bireysel dan\u0131\u015fmanl\u0131kla Rab&#8217;bin verdi\u011fi g\u00f6revi devam ettirir. Toplumsal ve yasal sorumluluklar\u0131n\u0131 \u00fcstlenerek, faaliyetlerini kamuya a\u00e7\u0131k olarak y\u00fcr\u00fctmeye ve bulundu\u011fu \u00fclke, T\u00fcrkiye&#8217;nin refah\u0131 i\u00e7in dua etmeye \u00f6nem verir.<\/p>\n","protected":false},"excerpt":{"rendered":"<p>&nbsp; TestT\u00dcRK\u0130YE&#8217;DE LUTERYEN K\u0130L\u0130SES\u0130&#8217;N\u0130N TAR\u0130H\u0130 \u0130sve\u00e7, ilk Luteryen rahiplerini 1709 y\u0131l\u0131nda \u0130stanbul&#8217;a g\u00f6nderdi. Ayn\u0131 y\u0131l \u0130sve\u00e7 Kral\u0131 XII. Karl, Poltava sava\u015f\u0131nda Ruslara yenildi, Osmanl\u0131lar\u0131n himayesine s\u0131\u011f\u0131nd\u0131. 1741 y\u0131l\u0131nda \u0130sve\u00e7 Parlamentosu, &hellip; <a href=\"http:\/\/www.luteryenkilisesi.org\/?page_id=77\" class=\"more-link\">Continue reading <span class=\"screen-reader-text\">Tarih<\/span> <span class=\"meta-nav\">&rarr;<\/span><\/a><\/p>\n","protected":false},"author":1,"featured_media":0,"parent":0,"menu_order":0,"comment_status":"closed","ping_status":"closed","template":"","meta":{"_monsterinsights_skip_tracking":false,"_monsterinsights_sitenote_active":false,"_monsterinsights_sitenote_note":"","_monsterinsights_sitenote_category":0,"footnotes":""},"class_list":["post-77","page","type-page","status-publish","hentry"],"_links":{"self":[{"href":"http:\/\/www.luteryenkilisesi.org\/index.php?rest_route=\/wp\/v2\/pages\/77","targetHints":{"allow":["GET"]}}],"collection":[{"href":"http:\/\/www.luteryenkilisesi.org\/index.php?rest_route=\/wp\/v2\/pages"}],"about":[{"href":"http:\/\/www.luteryenkilisesi.org\/index.php?rest_route=\/wp\/v2\/types\/page"}],"author":[{"embeddable":true,"href":"http:\/\/www.luteryenkilisesi.org\/index.php?rest_route=\/wp\/v2\/users\/1"}],"replies":[{"embeddable":true,"href":"http:\/\/www.luteryenkilisesi.org\/index.php?rest_route=%2Fwp%2Fv2%2Fcomments&post=77"}],"version-history":[{"count":12,"href":"http:\/\/www.luteryenkilisesi.org\/index.php?rest_route=\/wp\/v2\/pages\/77\/revisions"}],"predecessor-version":[{"id":1074,"href":"http:\/\/www.luteryenkilisesi.org\/index.php?rest_route=\/wp\/v2\/pages\/77\/revisions\/1074"}],"wp:attachment":[{"href":"http:\/\/www.luteryenkilisesi.org\/index.php?rest_route=%2Fwp%2Fv2%2Fmedia&parent=77"}],"curies":[{"name":"wp","href":"https:\/\/api.w.org\/{rel}","templated":true}]}}

<p>&nbsp;</p>
<h3 style="text-align: center;">TestTÜRKİYE&#8217;DE LUTERYEN KİLİSESİ&#8217;NİN TARİHİ</h3>
<p>İsveç, ilk Luteryen rahiplerini 1709 yılında İstanbul&#8217;a gönderdi. Aynı yıl İsveç Kralı XII. Karl, Poltava savaşında Ruslara yenildi, Osmanlıların himayesine sığındı.</p>
<p>1741 yılında İsveç Parlamentosu, İstanbul&#8217;da bir kilise yapmak için para toplamaya karar verdi. Bu plan için Almanya ve Finlandiya&#8217;dan da para toplandı. Kilise, 1748 yılında İsveç Büyük Elçiliği&#8217;nin bahçesine inşa edildi. Bu kilise 1818&#8217;de yandı ve yerine şu andaki gotik, küçük ahşap kilise yapıldı. 1884&#8217;ten sonra İsveç hükümeti kilisenin giderlerini ve çalışan pederin ücretini karşılamayı durdurdu.</p>
<p>İstanbul&#8217;da yaşayan Luteryen Hristiyanlar 1999 yılında İsveç Konsolosluğu&#8217;nun boş duran kilisesinde Luteryen tarzı ibadete başladılar. Türkçe konuşan bir peder bulunduktan sonra ibadetler Türkçe olarak yapılmaya başlandı.</p>
<p>İstanbul Luteryen Kilisesi, Şubat 2005&#8217;de Türk hükümetinin sağladığı imkanlarla tescil edildi. Kasım 2006&#8217;da İstanbul&#8217;daki cemaatin yanı sıra, Bulgaristan&#8217;ın Peştera ve Almanya&#8217;nın Mannheim şehirlerindeki Türkçe konuşan Luteryen cemaatleri de İstanbul Luteryen kilisesi ile birlikte hareket etmeye başladı. Kasım 2012&#8217;de İzmir’de Luteryen cemaat açıldı ve 2013 yılın sonunda Bulgaristan’daki Krushevo köyünde Luteryen ayinler başlandı.</p>
<p>2008&#8217;de İstanbul Luteryen cemaati İstiklal Caddesi üzerinde boş duran daha geniş Surp Yerrortutyun yani Üçlü Birlik kilise binasında ibadete başladı. Nisan 2016&#8217;te Üçlü Birlik Kilisesinin tadilat işlerinden dolayı cemaat Karaköy&#8217;deki Ermeni Katolik Kilisesinin Surp Pirgiç Kilise&#8217;sine taşınmış.</p>
<p>&nbsp;</p>
<h3 style="text-align: center;">İSTANBUL LUTERYEN KİLİSESİ</h3>
<p>Elçi Pavlus yaklaşık 2000 sene önce Efes&#8217;teki Hristiyanlara gönderdiği mektubunda şöyle yazıyor: &#8220;Böylece artık yabancı ve garip değil, kutsallarla birlikte yurttaş ve Tanrı&#8217;nın ev halkısınız. Elçilerle peygamberlerden oluşan temel üzerine bina edildiniz. Köşe taşı Mesih İsa&#8217;nın kendisidir. Bütün yapı, Rab&#8217;be ait kutsal bir tapınak olmak üzere O&#8217;nda kenetlenip yükseliyor. Siz de Ruh aracılığıyla, Tanrı&#8217;nın konutu olmak üzere hep birlikte Mesih&#8217;te inşa ediliyorsunuz&#8221; (Ef. Mektup 2:19-22). Bu kilisenin tanımıdır ve İstanbul Luteryen Kilisesi, bugün de aynı temelin üzerinde ayakta durmak istiyor.</p>
<p>&#8211; İstanbul Luteryen Kilisesi, Hristiyan imanını ikrar eder. Bu iman, Kutsal Kitap&#8217;a, Eski ve Yeni Antlaşmalar&#8217;ın Baba Allah, Oğul ve Kutsal Ruh&#8217;tan oluşan Üçlü Birlik&#8217;e tanıklığına dayanmakta ve üç evrensel inanç ikrarına ve Luteryen iman ikrarlarına ve Luteryen İman Açıklamaları&#8217;nda da belirtilmektedir.</p>
<p>-İstanbul Luteryen Kilisesi çarmıha gerilip ölen ve üç gün sonra dirilen, her ulusa mensup insanları Kilisesi&#8217;ne davet eden İsa Mesih&#8217;i, tek, kutsal, evrensel ve elçisel kilisenin Rab&#8217;bi olarak duyurur.</p>
<p>&#8211; İstanbul Luteryen Kilisesi, kilise ibadetinin yönetimi, öğretiş ve bireysel danışmanlıkla Rab&#8217;bin verdiği görevi devam ettirir. Toplumsal ve yasal sorumluluklarını üstlenerek, faaliyetlerini kamuya açık olarak yürütmeye ve bulunduğu ülke, Türkiye&#8217;nin refahı için dua etmeye önem verir.</p>

<p>&nbsp; TestTÜRKİYE&#8217;DE LUTERYEN KİLİSESİ&#8217;NİN TARİHİ İsveç, ilk Luteryen rahiplerini 1709 yılında İstanbul&#8217;a gönderdi. Aynı yıl İsveç Kralı XII. Karl, Poltava savaşında Ruslara yenildi, Osmanlıların himayesine sığındı. 1741 yılında İsveç Parlamentosu, &hellip; <a href="http://www.luteryenkilisesi.org/?page_id=77" class="more-link">Continue reading <span class="screen-reader-text">Tarih</span> <span class="meta-nav">&rarr;</span></a></p>
