{"id":1313,"date":"2017-10-30T14:41:45","date_gmt":"2017-10-30T11:41:45","guid":{"rendered":"http:\/\/www.luteryenkilisesi.org\/?post_type=tribe_events&#038;p=1313"},"modified":"2024-03-04T12:45:28","modified_gmt":"2024-03-04T09:45:28","slug":"kutsal-persembe","status":"publish","type":"tribe_events","link":"http:\/\/www.luteryenkilisesi.org\/?tribe_events=kutsal-persembe","title":{"rendered":"Kutsal Per\u015fembe"},"content":{"rendered":"<p><strong><img loading=\"lazy\" decoding=\"async\" class=\"size-medium wp-image-726 alignleft\" src=\"http:\/\/www.luteryenkilisesi.org\/wp-content\/uploads\/2016\/12\/mor_oruc-223x300.png\" alt=\"\" width=\"223\" height=\"300\" srcset=\"http:\/\/www.luteryenkilisesi.org\/wp-content\/uploads\/2016\/12\/mor_oruc-223x300.png 223w, http:\/\/www.luteryenkilisesi.org\/wp-content\/uploads\/2016\/12\/mor_oruc.png 600w\" sizes=\"auto, (max-width: 223px) 100vw, 223px\" \/><\/strong><\/p>\n<p>&nbsp;<\/p>\n<p><strong>Lit\u00fcrjik renk:<\/strong>\u00a0Mor<br \/>\n<strong>Mezmur:<\/strong>\u00a0111:2-5<br \/>\n<strong>Eski Antla\u015fma\u2019dan: \u00a0<\/strong>\u00c7\u0131k. 12:1-14<br \/>\n<strong>Yeni Antla\u015fma\u2019dan:<\/strong>\u00a01Ko. 10:16-17<br \/>\n<strong>M\u00fcjde:<\/strong>\u00a0Matta 26:17-30<\/p>\n","protected":false},"excerpt":{"rendered":"<p>&nbsp; Lit\u00fcrjik renk:\u00a0Mor Mezmur:\u00a0111:2-5 Eski Antla\u015fma\u2019dan: \u00a0\u00c7\u0131k. 12:1-14 Yeni Antla\u015fma\u2019dan:\u00a01Ko. 10:16-17 M\u00fcjde:\u00a0Matta 26:17-30<\/p>\n","protected":false},"author":1,"featured_media":0,"template":"","meta":{"_monsterinsights_skip_tracking":false,"_monsterinsights_sitenote_active":false,"_monsterinsights_sitenote_note":"","_monsterinsights_sitenote_category":0,"_tribe_events_status":"","_tribe_events_status_reason":"","footnotes":""},"tags":[],"tribe_events_cat":[36,16],"class_list":["post-1313","tribe_events","type-tribe_events","status-publish","hentry","tribe_events_cat-c-yili","tribe_events_cat-kilise-takvimi","cat_c-yili","cat_kilise-takvimi"],"_links":{"self":[{"href":"http:\/\/www.luteryenkilisesi.org\/index.php?rest_route=\/wp\/v2\/tribe_events\/1313","targetHints":{"allow":["GET"]}}],"collection":[{"href":"http:\/\/www.luteryenkilisesi.org\/index.php?rest_route=\/wp\/v2\/tribe_events"}],"about":[{"href":"http:\/\/www.luteryenkilisesi.org\/index.php?rest_route=\/wp\/v2\/types\/tribe_events"}],"author":[{"embeddable":true,"href":"http:\/\/www.luteryenkilisesi.org\/index.php?rest_route=\/wp\/v2\/users\/1"}],"version-history":[{"count":3,"href":"http:\/\/www.luteryenkilisesi.org\/index.php?rest_route=\/wp\/v2\/tribe_events\/1313\/revisions"}],"predecessor-version":[{"id":2197,"href":"http:\/\/www.luteryenkilisesi.org\/index.php?rest_route=\/wp\/v2\/tribe_events\/1313\/revisions\/2197"}],"wp:attachment":[{"href":"http:\/\/www.luteryenkilisesi.org\/index.php?rest_route=%2Fwp%2Fv2%2Fmedia&parent=1313"}],"wp:term":[{"taxonomy":"post_tag","embeddable":true,"href":"http:\/\/www.luteryenkilisesi.org\/index.php?rest_route=%2Fwp%2Fv2%2Ftags&post=1313"},{"taxonomy":"tribe_events_cat","embeddable":true,"href":"http:\/\/www.luteryenkilisesi.org\/index.php?rest_route=%2Fwp%2Fv2%2Ftribe_events_cat&post=1313"}],"curies":[{"name":"wp","href":"https:\/\/api.w.org\/{rel}","templated":true}]}}

Kutsal Perşembe

<p><strong><img loading="lazy" decoding="async" class="size-medium wp-image-726 alignleft" src="http://www.luteryenkilisesi.org/wp-content/uploads/2016/12/mor_oruc-223x300.png" alt="" width="223" height="300" srcset="http://www.luteryenkilisesi.org/wp-content/uploads/2016/12/mor_oruc-223x300.png 223w, http://www.luteryenkilisesi.org/wp-content/uploads/2016/12/mor_oruc.png 600w" sizes="auto, (max-width: 223px) 100vw, 223px" /></strong></p>
<p>&nbsp;</p>
<p><strong>Litürjik renk:</strong> Mor<br />
<strong>Mezmur:</strong> 111:2-5<br />
<strong>Eski Antlaşma’dan:  </strong>Çık. 12:1-14<br />
<strong>Yeni Antlaşma’dan:</strong> 1Ko. 10:16-17<br />
<strong>Müjde:</strong> Matta 26:17-30</p>

<p>&nbsp; Litürjik renk: Mor Mezmur: 111:2-5 Eski Antlaşma’dan:  Çık. 12:1-14 Yeni Antlaşma’dan: 1Ko. 10:16-17 Müjde: Matta 26:17-30</p>
