{"id":1330,"date":"2017-10-30T18:33:27","date_gmt":"2017-10-30T15:33:27","guid":{"rendered":"http:\/\/www.luteryenkilisesi.org\/?post_type=tribe_events&#038;p=1330"},"modified":"2024-06-10T11:33:59","modified_gmt":"2024-06-10T08:33:59","slug":"olagan-devresi-10-pazar-g%c2%81un%c2%81u-elcilerin-g%c2%81un%c2%81u","status":"publish","type":"tribe_events","link":"http:\/\/www.luteryenkilisesi.org\/?tribe_events=olagan-devresi-10-pazar-g%c2%81un%c2%81u-elcilerin-g%c2%81un%c2%81u","title":{"rendered":"Ola\u011fan Devre 10. Pazar  (El\u00e7iler G\u00fcn\u00fc)"},"content":{"rendered":"<p><strong><img loading=\"lazy\" decoding=\"async\" class=\"size-medium wp-image-765 alignleft\" src=\"http:\/\/www.luteryenkilisesi.org\/wp-content\/uploads\/2016\/12\/kirmizi_stola-223x300.png\" alt=\"\" width=\"223\" height=\"300\" srcset=\"http:\/\/www.luteryenkilisesi.org\/wp-content\/uploads\/2016\/12\/kirmizi_stola-223x300.png 223w, http:\/\/www.luteryenkilisesi.org\/wp-content\/uploads\/2016\/12\/kirmizi_stola.png 600w\" sizes=\"auto, (max-width: 223px) 100vw, 223px\" \/><br \/>\nLit\u00fcrjik renk:<\/strong>\u00a0K\u0131z\u0131l<br \/>\n<strong>Mezmur:<\/strong>\u00a0145:3-7<br \/>\n<strong>Eski Antla\u015fma\u2019dan:<\/strong>\u00a0 Y\u015fa. 66:18-19<br \/>\n<strong>Yeni Antla\u015fma\u2019dan:<\/strong>\u00a0El\u00e7. 26:12-23<br \/>\n<strong>M\u00fcjde:<\/strong>\u00a0Markos 3:13-19<\/p>\n","protected":false},"excerpt":{"rendered":"<p>Lit\u00fcrjik renk:\u00a0K\u0131z\u0131l Mezmur:\u00a0145:3-7 Eski Antla\u015fma\u2019dan:\u00a0 Y\u015fa. 66:18-19 Yeni Antla\u015fma\u2019dan:\u00a0El\u00e7. 26:12-23 M\u00fcjde:\u00a0Markos 3:13-19<\/p>\n","protected":false},"author":1,"featured_media":0,"template":"","meta":{"_monsterinsights_skip_tracking":false,"_monsterinsights_sitenote_active":false,"_monsterinsights_sitenote_note":"","_monsterinsights_sitenote_category":0,"_tribe_events_status":"","_tribe_events_status_reason":"","footnotes":""},"tags":[],"tribe_events_cat":[36,16],"class_list":["post-1330","tribe_events","type-tribe_events","status-publish","hentry","tribe_events_cat-c-yili","tribe_events_cat-kilise-takvimi","cat_c-yili","cat_kilise-takvimi"],"_links":{"self":[{"href":"http:\/\/www.luteryenkilisesi.org\/index.php?rest_route=\/wp\/v2\/tribe_events\/1330","targetHints":{"allow":["GET"]}}],"collection":[{"href":"http:\/\/www.luteryenkilisesi.org\/index.php?rest_route=\/wp\/v2\/tribe_events"}],"about":[{"href":"http:\/\/www.luteryenkilisesi.org\/index.php?rest_route=\/wp\/v2\/types\/tribe_events"}],"author":[{"embeddable":true,"href":"http:\/\/www.luteryenkilisesi.org\/index.php?rest_route=\/wp\/v2\/users\/1"}],"version-history":[{"count":3,"href":"http:\/\/www.luteryenkilisesi.org\/index.php?rest_route=\/wp\/v2\/tribe_events\/1330\/revisions"}],"predecessor-version":[{"id":2220,"href":"http:\/\/www.luteryenkilisesi.org\/index.php?rest_route=\/wp\/v2\/tribe_events\/1330\/revisions\/2220"}],"wp:attachment":[{"href":"http:\/\/www.luteryenkilisesi.org\/index.php?rest_route=%2Fwp%2Fv2%2Fmedia&parent=1330"}],"wp:term":[{"taxonomy":"post_tag","embeddable":true,"href":"http:\/\/www.luteryenkilisesi.org\/index.php?rest_route=%2Fwp%2Fv2%2Ftags&post=1330"},{"taxonomy":"tribe_events_cat","embeddable":true,"href":"http:\/\/www.luteryenkilisesi.org\/index.php?rest_route=%2Fwp%2Fv2%2Ftribe_events_cat&post=1330"}],"curies":[{"name":"wp","href":"https:\/\/api.w.org\/{rel}","templated":true}]}}

Olağan Devre 10. Pazar  (Elçiler Günü)

<p><strong><img loading="lazy" decoding="async" class="size-medium wp-image-765 alignleft" src="http://www.luteryenkilisesi.org/wp-content/uploads/2016/12/kirmizi_stola-223x300.png" alt="" width="223" height="300" srcset="http://www.luteryenkilisesi.org/wp-content/uploads/2016/12/kirmizi_stola-223x300.png 223w, http://www.luteryenkilisesi.org/wp-content/uploads/2016/12/kirmizi_stola.png 600w" sizes="auto, (max-width: 223px) 100vw, 223px" /><br />
Litürjik renk:</strong> Kızıl<br />
<strong>Mezmur:</strong> 145:3-7<br />
<strong>Eski Antlaşma’dan:</strong>  Yşa. 66:18-19<br />
<strong>Yeni Antlaşma’dan:</strong> Elç. 26:12-23<br />
<strong>Müjde:</strong> Markos 3:13-19</p>

<p>Litürjik renk: Kızıl Mezmur: 145:3-7 Eski Antlaşma’dan:  Yşa. 66:18-19 Yeni Antlaşma’dan: Elç. 26:12-23 Müjde: Markos 3:13-19</p>
