{"id":1727,"date":"2018-10-09T12:41:15","date_gmt":"2018-10-09T09:41:15","guid":{"rendered":"http:\/\/www.luteryenkilisesi.org\/?post_type=tribe_events&#038;p=1727"},"modified":"2022-12-19T15:04:21","modified_gmt":"2022-12-19T12:04:21","slug":"istefanos-gunu-2-noel-gunu","status":"publish","type":"tribe_events","link":"http:\/\/www.luteryenkilisesi.org\/?tribe_events=istefanos-gunu-2-noel-gunu","title":{"rendered":"\u0130stefanos G\u00fcn\u00fc"},"content":{"rendered":"<p><strong><img loading=\"lazy\" decoding=\"async\" class=\"size-full wp-image-1728 alignleft\" src=\"http:\/\/www.luteryenkilisesi.org\/wp-content\/uploads\/2018\/10\/kizil_liturjik.jpg\" alt=\"\" width=\"203\" height=\"266\" \/><\/strong><\/p>\n<p>&nbsp;<\/p>\n<p><strong>Lit\u00fcrjik renk:<\/strong>\u00a0K\u0131z\u0131l<br \/>\n<strong>Mezmur:<\/strong>\u00a0<a href=\"https:\/\/sahneleme.incil.info\/referans\/Mezmurlar+119:81\" target=\"_blank\" rel=\"noopener noreferrer\">119:81-88<\/a><br \/>\n<strong>Eski Antla\u015fma\u2019dan:<\/strong>\u00a0 <a href=\"https:\/\/sahneleme.incil.info\/referans\/Mezmurlar+119:41\" target=\"_blank\" rel=\"noopener noreferrer\">Mez. 119:41-51<\/a><br \/>\n<strong>Yeni Antla\u015fma\u2019dan:<\/strong>\u00a0<a href=\"https:\/\/sahneleme.incil.info\/referans\/El%C3%A7ilerin+%C4%B0%C5%9Fleri+6:8\" target=\"_blank\" rel=\"noopener noreferrer\">El\u00e7. 6:8-15<\/a>,<a href=\"https:\/\/sahneleme.incil.info\/referans\/El%C3%A7ilerin+%C4%B0%C5%9Fleri+7:51\" target=\"_blank\" rel=\"noopener noreferrer\"> 7:51-60<\/a><br \/>\n<strong>M\u00fcjde:<\/strong>\u00a0<a href=\"https:\/\/sahneleme.incil.info\/referans\/Luka+12:8\" target=\"_blank\" rel=\"noopener noreferrer\">Luk. 12:8-12<\/a><\/p>\n","protected":false},"excerpt":{"rendered":"<p>&nbsp; Lit\u00fcrjik renk:\u00a0K\u0131z\u0131l Mezmur:\u00a0119:81-88 Eski Antla\u015fma\u2019dan:\u00a0 Mez. 119:41-51 Yeni Antla\u015fma\u2019dan:\u00a0El\u00e7. 6:8-15, 7:51-60 M\u00fcjde:\u00a0Luk. 12:8-12<\/p>\n","protected":false},"author":11,"featured_media":0,"template":"","meta":{"_monsterinsights_skip_tracking":false,"_monsterinsights_sitenote_active":false,"_monsterinsights_sitenote_note":"","_monsterinsights_sitenote_category":0,"_tribe_events_status":"","_tribe_events_status_reason":"","footnotes":""},"tags":[],"tribe_events_cat":[18,16],"class_list":["post-1727","tribe_events","type-tribe_events","status-publish","hentry","tribe_events_cat-b-yili","tribe_events_cat-kilise-takvimi","cat_b-yili","cat_kilise-takvimi"],"_links":{"self":[{"href":"http:\/\/www.luteryenkilisesi.org\/index.php?rest_route=\/wp\/v2\/tribe_events\/1727","targetHints":{"allow":["GET"]}}],"collection":[{"href":"http:\/\/www.luteryenkilisesi.org\/index.php?rest_route=\/wp\/v2\/tribe_events"}],"about":[{"href":"http:\/\/www.luteryenkilisesi.org\/index.php?rest_route=\/wp\/v2\/types\/tribe_events"}],"author":[{"embeddable":true,"href":"http:\/\/www.luteryenkilisesi.org\/index.php?rest_route=\/wp\/v2\/users\/11"}],"version-history":[{"count":8,"href":"http:\/\/www.luteryenkilisesi.org\/index.php?rest_route=\/wp\/v2\/tribe_events\/1727\/revisions"}],"predecessor-version":[{"id":2330,"href":"http:\/\/www.luteryenkilisesi.org\/index.php?rest_route=\/wp\/v2\/tribe_events\/1727\/revisions\/2330"}],"wp:attachment":[{"href":"http:\/\/www.luteryenkilisesi.org\/index.php?rest_route=%2Fwp%2Fv2%2Fmedia&parent=1727"}],"wp:term":[{"taxonomy":"post_tag","embeddable":true,"href":"http:\/\/www.luteryenkilisesi.org\/index.php?rest_route=%2Fwp%2Fv2%2Ftags&post=1727"},{"taxonomy":"tribe_events_cat","embeddable":true,"href":"http:\/\/www.luteryenkilisesi.org\/index.php?rest_route=%2Fwp%2Fv2%2Ftribe_events_cat&post=1727"}],"curies":[{"name":"wp","href":"https:\/\/api.w.org\/{rel}","templated":true}]}}

İstefanos Günü

<p><strong><img loading="lazy" decoding="async" class="size-full wp-image-1728 alignleft" src="http://www.luteryenkilisesi.org/wp-content/uploads/2018/10/kizil_liturjik.jpg" alt="" width="203" height="266" /></strong></p>
<p>&nbsp;</p>
<p><strong>Litürjik renk:</strong> Kızıl<br />
<strong>Mezmur:</strong> <a href="https://sahneleme.incil.info/referans/Mezmurlar+119:81" target="_blank" rel="noopener noreferrer">119:81-88</a><br />
<strong>Eski Antlaşma’dan:</strong>  <a href="https://sahneleme.incil.info/referans/Mezmurlar+119:41" target="_blank" rel="noopener noreferrer">Mez. 119:41-51</a><br />
<strong>Yeni Antlaşma’dan:</strong> <a href="https://sahneleme.incil.info/referans/El%C3%A7ilerin+%C4%B0%C5%9Fleri+6:8" target="_blank" rel="noopener noreferrer">Elç. 6:8-15</a>,<a href="https://sahneleme.incil.info/referans/El%C3%A7ilerin+%C4%B0%C5%9Fleri+7:51" target="_blank" rel="noopener noreferrer"> 7:51-60</a><br />
<strong>Müjde:</strong> <a href="https://sahneleme.incil.info/referans/Luka+12:8" target="_blank" rel="noopener noreferrer">Luk. 12:8-12</a></p>

<p>&nbsp; Litürjik renk: Kızıl Mezmur: 119:81-88 Eski Antlaşma’dan:  Mez. 119:41-51 Yeni Antlaşma’dan: Elç. 6:8-15, 7:51-60 Müjde: Luk. 12:8-12</p>
