{"id":1808,"date":"2018-10-11T11:32:47","date_gmt":"2018-10-11T08:32:47","guid":{"rendered":"http:\/\/www.luteryenkilisesi.org\/?post_type=tribe_events&#038;p=1808"},"modified":"2018-10-11T11:32:47","modified_gmt":"2018-10-11T08:32:47","slug":"ikinci-paskalya-gunu","status":"publish","type":"tribe_events","link":"http:\/\/www.luteryenkilisesi.org\/?tribe_events=ikinci-paskalya-gunu","title":{"rendered":"\u0130kinci Paskalya G\u00fcn\u00fc"},"content":{"rendered":"<p><strong><img loading=\"lazy\" decoding=\"async\" class=\"wp-image-1724 size-full alignleft\" src=\"http:\/\/www.luteryenkilisesi.org\/wp-content\/uploads\/2017\/10\/beyaz_liturjik.jpg\" alt=\"\" width=\"255\" height=\"253\" srcset=\"http:\/\/www.luteryenkilisesi.org\/wp-content\/uploads\/2017\/10\/beyaz_liturjik.jpg 255w, http:\/\/www.luteryenkilisesi.org\/wp-content\/uploads\/2017\/10\/beyaz_liturjik-150x150.jpg 150w\" sizes=\"auto, (max-width: 255px) 100vw, 255px\" \/><br \/>\n<\/strong><\/p>\n<p><strong>Lit\u00fcrjik renk:<\/strong>\u00a0Beyaz<br \/>\n<strong>Mezmur:<\/strong>\u00a016:8-11<br \/>\n<strong>Eski Antla\u015fma\u2019dan:<\/strong>\u00a0 Yun. 2<br \/>\n<strong>Yeni Antla\u015fma\u2019dan:<\/strong>\u00a0El\u00e7. 10:34-43<br \/>\n<strong>M\u00fcjde:<\/strong>\u00a0Luka 24:13-35<\/p>\n","protected":false},"excerpt":{"rendered":"<p>Lit\u00fcrjik renk:\u00a0Beyaz Mezmur:\u00a016:8-11 Eski Antla\u015fma\u2019dan:\u00a0 Yun. 2 Yeni Antla\u015fma\u2019dan:\u00a0El\u00e7. 10:34-43 M\u00fcjde:\u00a0Luka 24:13-35<\/p>\n","protected":false},"author":2,"featured_media":0,"template":"","meta":{"_monsterinsights_skip_tracking":false,"_monsterinsights_sitenote_active":false,"_monsterinsights_sitenote_note":"","_monsterinsights_sitenote_category":0,"_tribe_events_status":"","_tribe_events_status_reason":"","footnotes":""},"tags":[],"tribe_events_cat":[17,16],"class_list":["post-1808","tribe_events","type-tribe_events","status-publish","hentry","tribe_events_cat-a-yili","tribe_events_cat-kilise-takvimi","cat_a-yili","cat_kilise-takvimi"],"_links":{"self":[{"href":"http:\/\/www.luteryenkilisesi.org\/index.php?rest_route=\/wp\/v2\/tribe_events\/1808","targetHints":{"allow":["GET"]}}],"collection":[{"href":"http:\/\/www.luteryenkilisesi.org\/index.php?rest_route=\/wp\/v2\/tribe_events"}],"about":[{"href":"http:\/\/www.luteryenkilisesi.org\/index.php?rest_route=\/wp\/v2\/types\/tribe_events"}],"author":[{"embeddable":true,"href":"http:\/\/www.luteryenkilisesi.org\/index.php?rest_route=\/wp\/v2\/users\/2"}],"version-history":[{"count":1,"href":"http:\/\/www.luteryenkilisesi.org\/index.php?rest_route=\/wp\/v2\/tribe_events\/1808\/revisions"}],"predecessor-version":[{"id":1809,"href":"http:\/\/www.luteryenkilisesi.org\/index.php?rest_route=\/wp\/v2\/tribe_events\/1808\/revisions\/1809"}],"wp:attachment":[{"href":"http:\/\/www.luteryenkilisesi.org\/index.php?rest_route=%2Fwp%2Fv2%2Fmedia&parent=1808"}],"wp:term":[{"taxonomy":"post_tag","embeddable":true,"href":"http:\/\/www.luteryenkilisesi.org\/index.php?rest_route=%2Fwp%2Fv2%2Ftags&post=1808"},{"taxonomy":"tribe_events_cat","embeddable":true,"href":"http:\/\/www.luteryenkilisesi.org\/index.php?rest_route=%2Fwp%2Fv2%2Ftribe_events_cat&post=1808"}],"curies":[{"name":"wp","href":"https:\/\/api.w.org\/{rel}","templated":true}]}}

İkinci Paskalya Günü

<p><strong><img loading="lazy" decoding="async" class="wp-image-1724 size-full alignleft" src="http://www.luteryenkilisesi.org/wp-content/uploads/2017/10/beyaz_liturjik.jpg" alt="" width="255" height="253" srcset="http://www.luteryenkilisesi.org/wp-content/uploads/2017/10/beyaz_liturjik.jpg 255w, http://www.luteryenkilisesi.org/wp-content/uploads/2017/10/beyaz_liturjik-150x150.jpg 150w" sizes="auto, (max-width: 255px) 100vw, 255px" /><br />
</strong></p>
<p><strong>Litürjik renk:</strong> Beyaz<br />
<strong>Mezmur:</strong> 16:8-11<br />
<strong>Eski Antlaşma’dan:</strong>  Yun. 2<br />
<strong>Yeni Antlaşma’dan:</strong> Elç. 10:34-43<br />
<strong>Müjde:</strong> Luka 24:13-35</p>

<p>Litürjik renk: Beyaz Mezmur: 16:8-11 Eski Antlaşma’dan:  Yun. 2 Yeni Antlaşma’dan: Elç. 10:34-43 Müjde: Luka 24:13-35</p>
