{"id":209,"date":"2016-11-07T09:37:44","date_gmt":"2016-11-07T09:37:44","guid":{"rendered":"http:\/\/www.luteryenkilisesi.org\/wp_dev\/event\/uudenvuodenaatto\/"},"modified":"2019-11-27T18:02:03","modified_gmt":"2019-11-27T15:02:03","slug":"yilbasi","status":"publish","type":"tribe_events","link":"http:\/\/www.luteryenkilisesi.org\/?tribe_events=yilbasi","title":{"rendered":"Y\u0131lba\u015f\u0131"},"content":{"rendered":"<p><b><a href=\"http:\/\/www.luteryenkilisesi.org\/wp-content\/uploads\/2016\/12\/Tanrinin_kuzusu_beyaz.jpeg\"><img loading=\"lazy\" decoding=\"async\" class=\"alignleft size-medium wp-image-704\" src=\"http:\/\/www.luteryenkilisesi.org\/wp-content\/uploads\/2016\/12\/Tanrinin_kuzusu_beyaz-300x200.jpeg\" alt=\"\" width=\"300\" height=\"200\" srcset=\"http:\/\/www.luteryenkilisesi.org\/wp-content\/uploads\/2016\/12\/Tanrinin_kuzusu_beyaz-300x200.jpeg 300w, http:\/\/www.luteryenkilisesi.org\/wp-content\/uploads\/2016\/12\/Tanrinin_kuzusu_beyaz-768x512.jpeg 768w, http:\/\/www.luteryenkilisesi.org\/wp-content\/uploads\/2016\/12\/Tanrinin_kuzusu_beyaz-1024x683.jpeg 1024w\" sizes=\"auto, (max-width: 300px) 100vw, 300px\" \/><\/a><\/b><\/p>\n<p><strong>Liturgik Renk:<\/strong> Beyaz<b><br \/>\n<a href=\"https:\/\/sahneleme.incil.info\/referans\/Mezmurlar+8:1\" target=\"_blank\" rel=\"noopener noreferrer\">Mezmur: 8<\/a><\/b><b><br \/>\nEski Antla\u015fmadan:<\/b>\u00a0<a href=\"https:\/\/sahneleme.incil.info\/referans\/Ye%C5%9Faya+43:1\" target=\"_blank\" rel=\"noopener noreferrer\">Y\u015fa. 43:1\u20133<\/a><b><br \/>\nYeni Antla\u015fmadan:<\/b>\u00a0<a href=\"https:\/\/sahneleme.incil.info\/referans\/1.+Yuhanna+5:1\" target=\"_blank\" rel=\"noopener noreferrer\">1. Yu. 5:1\u20135<\/a><b><br \/>\nM\u00fcjde:\u00a0<\/b><a href=\"https:\/\/sahneleme.incil.info\/referans\/Yuhanna+14:12\" target=\"_blank\" rel=\"noopener noreferrer\">Yu. 14:12-14<\/a><\/p>\n","protected":false},"excerpt":{"rendered":"<p>Liturgik Renk: Beyaz Mezmur: 8 Eski Antla\u015fmadan:\u00a0Y\u015fa. 43:1\u20133 Yeni Antla\u015fmadan:\u00a01. Yu. 5:1\u20135 M\u00fcjde:\u00a0Yu. 14:12-14<\/p>\n","protected":false},"author":1,"featured_media":0,"template":"","meta":{"_monsterinsights_skip_tracking":false,"_monsterinsights_sitenote_active":false,"_monsterinsights_sitenote_note":"","_monsterinsights_sitenote_category":0,"_tribe_events_status":"","_tribe_events_status_reason":"","footnotes":""},"tags":[],"tribe_events_cat":[18,16],"class_list":["post-209","tribe_events","type-tribe_events","status-publish","hentry","tribe_events_cat-b-yili","tribe_events_cat-kilise-takvimi","cat_b-yili","cat_kilise-takvimi"],"_links":{"self":[{"href":"http:\/\/www.luteryenkilisesi.org\/index.php?rest_route=\/wp\/v2\/tribe_events\/209","targetHints":{"allow":["GET"]}}],"collection":[{"href":"http:\/\/www.luteryenkilisesi.org\/index.php?rest_route=\/wp\/v2\/tribe_events"}],"about":[{"href":"http:\/\/www.luteryenkilisesi.org\/index.php?rest_route=\/wp\/v2\/types\/tribe_events"}],"author":[{"embeddable":true,"href":"http:\/\/www.luteryenkilisesi.org\/index.php?rest_route=\/wp\/v2\/users\/1"}],"version-history":[{"count":8,"href":"http:\/\/www.luteryenkilisesi.org\/index.php?rest_route=\/wp\/v2\/tribe_events\/209\/revisions"}],"predecessor-version":[{"id":1954,"href":"http:\/\/www.luteryenkilisesi.org\/index.php?rest_route=\/wp\/v2\/tribe_events\/209\/revisions\/1954"}],"wp:attachment":[{"href":"http:\/\/www.luteryenkilisesi.org\/index.php?rest_route=%2Fwp%2Fv2%2Fmedia&parent=209"}],"wp:term":[{"taxonomy":"post_tag","embeddable":true,"href":"http:\/\/www.luteryenkilisesi.org\/index.php?rest_route=%2Fwp%2Fv2%2Ftags&post=209"},{"taxonomy":"tribe_events_cat","embeddable":true,"href":"http:\/\/www.luteryenkilisesi.org\/index.php?rest_route=%2Fwp%2Fv2%2Ftribe_events_cat&post=209"}],"curies":[{"name":"wp","href":"https:\/\/api.w.org\/{rel}","templated":true}]}}

Yılbaşı

<p><b><a href="http://www.luteryenkilisesi.org/wp-content/uploads/2016/12/Tanrinin_kuzusu_beyaz.jpeg"><img loading="lazy" decoding="async" class="alignleft size-medium wp-image-704" src="http://www.luteryenkilisesi.org/wp-content/uploads/2016/12/Tanrinin_kuzusu_beyaz-300x200.jpeg" alt="" width="300" height="200" srcset="http://www.luteryenkilisesi.org/wp-content/uploads/2016/12/Tanrinin_kuzusu_beyaz-300x200.jpeg 300w, http://www.luteryenkilisesi.org/wp-content/uploads/2016/12/Tanrinin_kuzusu_beyaz-768x512.jpeg 768w, http://www.luteryenkilisesi.org/wp-content/uploads/2016/12/Tanrinin_kuzusu_beyaz-1024x683.jpeg 1024w" sizes="auto, (max-width: 300px) 100vw, 300px" /></a></b></p>
<p><strong>Liturgik Renk:</strong> Beyaz<b><br />
<a href="https://sahneleme.incil.info/referans/Mezmurlar+8:1" target="_blank" rel="noopener noreferrer">Mezmur: 8</a></b><b><br />
Eski Antlaşmadan:</b> <a href="https://sahneleme.incil.info/referans/Ye%C5%9Faya+43:1" target="_blank" rel="noopener noreferrer">Yşa. 43:1–3</a><b><br />
Yeni Antlaşmadan:</b> <a href="https://sahneleme.incil.info/referans/1.+Yuhanna+5:1" target="_blank" rel="noopener noreferrer">1. Yu. 5:1–5</a><b><br />
Müjde: </b><a href="https://sahneleme.incil.info/referans/Yuhanna+14:12" target="_blank" rel="noopener noreferrer">Yu. 14:12-14</a></p>

<p>Liturgik Renk: Beyaz Mezmur: 8 Eski Antlaşmadan: Yşa. 43:1–3 Yeni Antlaşmadan: 1. Yu. 5:1–5 Müjde: Yu. 14:12-14</p>
