{"id":643,"date":"2016-12-05T13:46:04","date_gmt":"2016-12-05T10:46:04","guid":{"rendered":"http:\/\/www.luteryenkilisesi.org\/wp_dev\/event\/22-01-2017-olagan-devre-3-pazar-gunu\/"},"modified":"2025-12-16T11:28:48","modified_gmt":"2025-12-16T08:28:48","slug":"22-01-2017-olagan-devre-3-pazar-gunu","status":"publish","type":"tribe_events","link":"http:\/\/www.luteryenkilisesi.org\/?tribe_events=22-01-2017-olagan-devre-3-pazar-gunu","title":{"rendered":"Ola\u011fan devre 3. Pazar g\u00fcn\u00fc"},"content":{"rendered":"<p><a href=\"http:\/\/www.luteryenkilisesi.org\/wp-content\/uploads\/2016\/12\/Hristos_monogrami_PX.jpeg\"><img loading=\"lazy\" decoding=\"async\" class=\"alignleft wp-image-705 size-medium\" src=\"http:\/\/www.luteryenkilisesi.org\/wp-content\/uploads\/2016\/12\/Hristos_monogrami_PX-e1607597273361-200x300.jpeg\" alt=\"hristos_monogrami_px\" width=\"200\" height=\"300\" srcset=\"http:\/\/www.luteryenkilisesi.org\/wp-content\/uploads\/2016\/12\/Hristos_monogrami_PX-e1607597273361-200x300.jpeg 200w, http:\/\/www.luteryenkilisesi.org\/wp-content\/uploads\/2016\/12\/Hristos_monogrami_PX-e1607597273361-768x1152.jpeg 768w, http:\/\/www.luteryenkilisesi.org\/wp-content\/uploads\/2016\/12\/Hristos_monogrami_PX-e1607597273361-683x1024.jpeg 683w, http:\/\/www.luteryenkilisesi.org\/wp-content\/uploads\/2016\/12\/Hristos_monogrami_PX-e1607597273361-1024x1536.jpeg 1024w, http:\/\/www.luteryenkilisesi.org\/wp-content\/uploads\/2016\/12\/Hristos_monogrami_PX-e1607597273361-1365x2048.jpeg 1365w\" sizes=\"auto, (max-width: 200px) 100vw, 200px\" \/><\/a><\/p>\n<p>&nbsp;<\/p>\n<p>&nbsp;<\/p>\n<p><strong>Lit\u00fcrjik renk:\u00a0<\/strong>Ye\u015fil<br \/>\n<strong>Mezmur:\u00a0<\/strong><a href=\"https:\/\/sahneleme.incil.info\/referans\/Mezmurlar+105:15\" target=\"_blank\" rel=\"noopener noreferrer\">105:15-22<\/a><br \/>\n<strong>Eski Antla\u015fma&#8217;dan:\u00a0<\/strong><a href=\"https:\/\/sahneleme.incil.info\/referans\/Ye%C5%9Faya+30:18\" target=\"_blank\" rel=\"noopener noreferrer\">Y\u015fa. 30:18-21<\/a><br \/>\n<strong>Yeni Antla\u015fma&#8217;dan:<\/strong>\u00a0<a href=\"https:\/\/sahneleme.incil.info\/referans\/%C4%B0braniler+11:1\" target=\"_blank\" rel=\"noopener noreferrer\">\u0130br. 11:1\u201310<\/a><br \/>\n<strong>M\u00fcjde:<\/strong>\u00a0<a href=\"https:\/\/sahneleme.incil.info\/referans\/Yuhanna+4:27\" target=\"_blank\" rel=\"noopener noreferrer\">Yuhanna 4:27-30<\/a>, <a href=\"https:\/\/sahneleme.incil.info\/referans\/Yuhanna+4:39\" target=\"_blank\" rel=\"noopener noreferrer\">39-42<\/a><\/p>\n","protected":false},"excerpt":{"rendered":"<p>&nbsp; &nbsp; Lit\u00fcrjik renk:\u00a0Ye\u015fil Mezmur:\u00a0105:15-22 Eski Antla\u015fma&#8217;dan:\u00a0Y\u015fa. 30:18-21 Yeni Antla\u015fma&#8217;dan:\u00a0\u0130br. 11:1\u201310 M\u00fcjde:\u00a0Yuhanna 4:27-30, 39-42<\/p>\n","protected":false},"author":1,"featured_media":0,"template":"","meta":{"_monsterinsights_skip_tracking":false,"_monsterinsights_sitenote_active":false,"_monsterinsights_sitenote_note":"","_monsterinsights_sitenote_category":0,"_tribe_events_status":"","_tribe_events_status_reason":"","footnotes":""},"tags":[],"tribe_events_cat":[18,16],"class_list":["post-643","tribe_events","type-tribe_events","status-publish","hentry","tribe_events_cat-b-yili","tribe_events_cat-kilise-takvimi","cat_b-yili","cat_kilise-takvimi"],"_links":{"self":[{"href":"http:\/\/www.luteryenkilisesi.org\/index.php?rest_route=\/wp\/v2\/tribe_events\/643","targetHints":{"allow":["GET"]}}],"collection":[{"href":"http:\/\/www.luteryenkilisesi.org\/index.php?rest_route=\/wp\/v2\/tribe_events"}],"about":[{"href":"http:\/\/www.luteryenkilisesi.org\/index.php?rest_route=\/wp\/v2\/types\/tribe_events"}],"author":[{"embeddable":true,"href":"http:\/\/www.luteryenkilisesi.org\/index.php?rest_route=\/wp\/v2\/users\/1"}],"version-history":[{"count":7,"href":"http:\/\/www.luteryenkilisesi.org\/index.php?rest_route=\/wp\/v2\/tribe_events\/643\/revisions"}],"predecessor-version":[{"id":2816,"href":"http:\/\/www.luteryenkilisesi.org\/index.php?rest_route=\/wp\/v2\/tribe_events\/643\/revisions\/2816"}],"wp:attachment":[{"href":"http:\/\/www.luteryenkilisesi.org\/index.php?rest_route=%2Fwp%2Fv2%2Fmedia&parent=643"}],"wp:term":[{"taxonomy":"post_tag","embeddable":true,"href":"http:\/\/www.luteryenkilisesi.org\/index.php?rest_route=%2Fwp%2Fv2%2Ftags&post=643"},{"taxonomy":"tribe_events_cat","embeddable":true,"href":"http:\/\/www.luteryenkilisesi.org\/index.php?rest_route=%2Fwp%2Fv2%2Ftribe_events_cat&post=643"}],"curies":[{"name":"wp","href":"https:\/\/api.w.org\/{rel}","templated":true}]}}

Olağan devre 3. Pazar günü

<p><a href="http://www.luteryenkilisesi.org/wp-content/uploads/2016/12/Hristos_monogrami_PX.jpeg"><img loading="lazy" decoding="async" class="alignleft wp-image-705 size-medium" src="http://www.luteryenkilisesi.org/wp-content/uploads/2016/12/Hristos_monogrami_PX-e1607597273361-200x300.jpeg" alt="hristos_monogrami_px" width="200" height="300" srcset="http://www.luteryenkilisesi.org/wp-content/uploads/2016/12/Hristos_monogrami_PX-e1607597273361-200x300.jpeg 200w, http://www.luteryenkilisesi.org/wp-content/uploads/2016/12/Hristos_monogrami_PX-e1607597273361-768x1152.jpeg 768w, http://www.luteryenkilisesi.org/wp-content/uploads/2016/12/Hristos_monogrami_PX-e1607597273361-683x1024.jpeg 683w, http://www.luteryenkilisesi.org/wp-content/uploads/2016/12/Hristos_monogrami_PX-e1607597273361-1024x1536.jpeg 1024w, http://www.luteryenkilisesi.org/wp-content/uploads/2016/12/Hristos_monogrami_PX-e1607597273361-1365x2048.jpeg 1365w" sizes="auto, (max-width: 200px) 100vw, 200px" /></a></p>
<p>&nbsp;</p>
<p>&nbsp;</p>
<p><strong>Litürjik renk: </strong>Yeşil<br />
<strong>Mezmur: </strong><a href="https://sahneleme.incil.info/referans/Mezmurlar+105:15" target="_blank" rel="noopener noreferrer">105:15-22</a><br />
<strong>Eski Antlaşma&#8217;dan: </strong><a href="https://sahneleme.incil.info/referans/Ye%C5%9Faya+30:18" target="_blank" rel="noopener noreferrer">Yşa. 30:18-21</a><br />
<strong>Yeni Antlaşma&#8217;dan:</strong> <a href="https://sahneleme.incil.info/referans/%C4%B0braniler+11:1" target="_blank" rel="noopener noreferrer">İbr. 11:1–10</a><br />
<strong>Müjde:</strong> <a href="https://sahneleme.incil.info/referans/Yuhanna+4:27" target="_blank" rel="noopener noreferrer">Yuhanna 4:27-30</a>, <a href="https://sahneleme.incil.info/referans/Yuhanna+4:39" target="_blank" rel="noopener noreferrer">39-42</a></p>

<p>&nbsp; &nbsp; Litürjik renk: Yeşil Mezmur: 105:15-22 Eski Antlaşma&#8217;dan: Yşa. 30:18-21 Yeni Antlaşma&#8217;dan: İbr. 11:1–10 Müjde: Yuhanna 4:27-30, 39-42</p>
