{"id":668,"date":"2016-12-05T13:46:10","date_gmt":"2016-12-05T10:46:10","guid":{"rendered":"http:\/\/www.luteryenkilisesi.org\/wp_dev\/event\/18-06-2017-olagan-devre-7-pazar-gunu\/"},"modified":"2016-12-07T17:50:32","modified_gmt":"2016-12-07T14:50:32","slug":"18-06-2017-olagan-devre-7-pazar-gunu","status":"publish","type":"tribe_events","link":"http:\/\/www.luteryenkilisesi.org\/?tribe_events=18-06-2017-olagan-devre-7-pazar-gunu","title":{"rendered":"18.06.2017 Ola\u011fan devre 7. Pazar g\u00fcn\u00fc"},"content":{"rendered":"<p><a href=\"http:\/\/www.luteryenkilisesi.org\/wp-content\/uploads\/2016\/12\/Hristos_monogrami_PX-e1481030761539.jpeg\"><img loading=\"lazy\" decoding=\"async\" class=\"alignleft size-medium wp-image-705\" src=\"http:\/\/www.luteryenkilisesi.org\/wp-content\/uploads\/2016\/12\/Hristos_monogrami_PX-e1481030761539-200x300.jpeg\" alt=\"hristos_monogrami_px\" width=\"200\" height=\"300\" \/><\/a><\/p>\n<p>&nbsp;<\/p>\n<p><strong>Lit\u00fcrjik renk:<\/strong>\u00a0Ye\u015fil<strong><br \/>\nMezmur:<\/strong>\u00a018:16-19, 25-28<br \/>\n<strong>Eski Antla\u015fma&#8217;dan: <\/strong>Zek. 1:2-6<br \/>\n<strong>Yeni Antla\u015fma&#8217;dan:<\/strong>\u00a0\u0130br. 12:1\u20134<br \/>\n<strong>M\u00fcjde:\u00a0<\/strong>Luka 14:25-33<\/p>\n","protected":false},"excerpt":{"rendered":"<p>&nbsp; Lit\u00fcrjik renk:\u00a0Ye\u015fil Mezmur:\u00a018:16-19, 25-28 Eski Antla\u015fma&#8217;dan: Zek. 1:2-6 Yeni Antla\u015fma&#8217;dan:\u00a0\u0130br. 12:1\u20134 M\u00fcjde:\u00a0Luka 14:25-33<\/p>\n","protected":false},"author":1,"featured_media":0,"template":"","meta":{"_monsterinsights_skip_tracking":false,"_monsterinsights_sitenote_active":false,"_monsterinsights_sitenote_note":"","_monsterinsights_sitenote_category":0,"_tribe_events_status":"","_tribe_events_status_reason":"","footnotes":""},"tags":[],"tribe_events_cat":[18],"class_list":["post-668","tribe_events","type-tribe_events","status-publish","hentry","tribe_events_cat-b-yili","cat_b-yili"],"_links":{"self":[{"href":"http:\/\/www.luteryenkilisesi.org\/index.php?rest_route=\/wp\/v2\/tribe_events\/668","targetHints":{"allow":["GET"]}}],"collection":[{"href":"http:\/\/www.luteryenkilisesi.org\/index.php?rest_route=\/wp\/v2\/tribe_events"}],"about":[{"href":"http:\/\/www.luteryenkilisesi.org\/index.php?rest_route=\/wp\/v2\/types\/tribe_events"}],"author":[{"embeddable":true,"href":"http:\/\/www.luteryenkilisesi.org\/index.php?rest_route=\/wp\/v2\/users\/1"}],"version-history":[{"count":2,"href":"http:\/\/www.luteryenkilisesi.org\/index.php?rest_route=\/wp\/v2\/tribe_events\/668\/revisions"}],"predecessor-version":[{"id":784,"href":"http:\/\/www.luteryenkilisesi.org\/index.php?rest_route=\/wp\/v2\/tribe_events\/668\/revisions\/784"}],"wp:attachment":[{"href":"http:\/\/www.luteryenkilisesi.org\/index.php?rest_route=%2Fwp%2Fv2%2Fmedia&parent=668"}],"wp:term":[{"taxonomy":"post_tag","embeddable":true,"href":"http:\/\/www.luteryenkilisesi.org\/index.php?rest_route=%2Fwp%2Fv2%2Ftags&post=668"},{"taxonomy":"tribe_events_cat","embeddable":true,"href":"http:\/\/www.luteryenkilisesi.org\/index.php?rest_route=%2Fwp%2Fv2%2Ftribe_events_cat&post=668"}],"curies":[{"name":"wp","href":"https:\/\/api.w.org\/{rel}","templated":true}]}}

18.06.2017 Olağan devre 7. Pazar günü

<p><a href="http://www.luteryenkilisesi.org/wp-content/uploads/2016/12/Hristos_monogrami_PX-e1481030761539.jpeg"><img loading="lazy" decoding="async" class="alignleft size-medium wp-image-705" src="http://www.luteryenkilisesi.org/wp-content/uploads/2016/12/Hristos_monogrami_PX-e1481030761539-200x300.jpeg" alt="hristos_monogrami_px" width="200" height="300" /></a></p>
<p>&nbsp;</p>
<p><strong>Litürjik renk:</strong> Yeşil<strong><br />
Mezmur:</strong> 18:16-19, 25-28<br />
<strong>Eski Antlaşma&#8217;dan: </strong>Zek. 1:2-6<br />
<strong>Yeni Antlaşma&#8217;dan:</strong> İbr. 12:1–4<br />
<strong>Müjde: </strong>Luka 14:25-33</p>

<p>&nbsp; Litürjik renk: Yeşil Mezmur: 18:16-19, 25-28 Eski Antlaşma&#8217;dan: Zek. 1:2-6 Yeni Antlaşma&#8217;dan: İbr. 12:1–4 Müjde: Luka 14:25-33</p>
