{"id":649,"date":"2016-12-05T13:46:07","date_gmt":"2016-12-05T10:46:07","guid":{"rendered":"http:\/\/www.luteryenkilisesi.org\/wp_dev\/event\/01-03-2017-kul-carsambasi\/"},"modified":"2022-12-19T15:24:28","modified_gmt":"2022-12-19T12:24:28","slug":"01-03-2017-kul-carsambasi","status":"publish","type":"tribe_events","link":"https:\/\/www.luteryenkilisesi.org\/?tribe_events=01-03-2017-kul-carsambasi","title":{"rendered":"K\u00fcl \u00c7ar\u015fambas\u0131"},"content":{"rendered":"<p>&nbsp;<\/p>\n<p><img loading=\"lazy\" decoding=\"async\" class=\"wp-image-1714 size-medium alignleft\" src=\"http:\/\/www.luteryenkilisesi.org\/wp-content\/uploads\/2017\/10\/mor_liturjik-300x208.jpg\" alt=\"\" width=\"300\" height=\"208\" srcset=\"https:\/\/www.luteryenkilisesi.org\/wp-content\/uploads\/2017\/10\/mor_liturjik-300x208.jpg 300w, https:\/\/www.luteryenkilisesi.org\/wp-content\/uploads\/2017\/10\/mor_liturjik.jpg 402w\" sizes=\"auto, (max-width: 300px) 100vw, 300px\" \/><\/p>\n<p>&nbsp;<\/p>\n<p><strong>Lit\u00fcrjik renk:\u00a0<\/strong>Mor<br \/>\n<strong>Mezmur:\u00a0<\/strong><a href=\"https:\/\/sahneleme.incil.info\/referans\/Mezmurlar+57:1\" target=\"_blank\" rel=\"noopener noreferrer\">57:1-3<\/a>, <a href=\"https:\/\/sahneleme.incil.info\/referans\/Mezmurlar+57:10\" target=\"_blank\" rel=\"noopener noreferrer\">10-11<\/a><br \/>\n<strong>Eski Antla\u015fma&#8217;dan:\u00a0<\/strong><a href=\"https:\/\/sahneleme.incil.info\/referans\/Yoel+2:12\" target=\"_blank\" rel=\"noopener noreferrer\">Yoe. 2:12-19<\/a><br \/>\n<strong>Yeni Antla\u015fma&#8217;dan:<\/strong>\u00a0<a href=\"https:\/\/sahneleme.incil.info\/referans\/2.+Petrus+1:1\" target=\"_blank\" rel=\"noopener noreferrer\">2Pe. 1:1\u201311<\/a><br \/>\n<strong>M\u00fcjde:<\/strong>\u00a0<a href=\"https:\/\/sahneleme.incil.info\/referans\/Matta+6:16\" target=\"_blank\" rel=\"noopener noreferrer\">Matta 6:16-21<\/a><\/p>\n","protected":false},"excerpt":{"rendered":"<p>&nbsp; &nbsp; Lit\u00fcrjik renk:\u00a0Mor Mezmur:\u00a057:1-3, 10-11 Eski Antla\u015fma&#8217;dan:\u00a0Yoe. 2:12-19 Yeni Antla\u015fma&#8217;dan:\u00a02Pe. 1:1\u201311 M\u00fcjde:\u00a0Matta 6:16-21<\/p>\n","protected":false},"author":1,"featured_media":0,"template":"","meta":{"_monsterinsights_skip_tracking":false,"_monsterinsights_sitenote_active":false,"_monsterinsights_sitenote_note":"","_monsterinsights_sitenote_category":0,"_tribe_events_status":"","_tribe_events_status_reason":"","footnotes":""},"tags":[],"tribe_events_cat":[18,16],"class_list":["post-649","tribe_events","type-tribe_events","status-publish","hentry","tribe_events_cat-b-yili","tribe_events_cat-kilise-takvimi","cat_b-yili","cat_kilise-takvimi"],"_links":{"self":[{"href":"https:\/\/www.luteryenkilisesi.org\/index.php?rest_route=\/wp\/v2\/tribe_events\/649","targetHints":{"allow":["GET"]}}],"collection":[{"href":"https:\/\/www.luteryenkilisesi.org\/index.php?rest_route=\/wp\/v2\/tribe_events"}],"about":[{"href":"https:\/\/www.luteryenkilisesi.org\/index.php?rest_route=\/wp\/v2\/types\/tribe_events"}],"author":[{"embeddable":true,"href":"https:\/\/www.luteryenkilisesi.org\/index.php?rest_route=\/wp\/v2\/users\/1"}],"version-history":[{"count":6,"href":"https:\/\/www.luteryenkilisesi.org\/index.php?rest_route=\/wp\/v2\/tribe_events\/649\/revisions"}],"predecessor-version":[{"id":1997,"href":"https:\/\/www.luteryenkilisesi.org\/index.php?rest_route=\/wp\/v2\/tribe_events\/649\/revisions\/1997"}],"wp:attachment":[{"href":"https:\/\/www.luteryenkilisesi.org\/index.php?rest_route=%2Fwp%2Fv2%2Fmedia&parent=649"}],"wp:term":[{"taxonomy":"post_tag","embeddable":true,"href":"https:\/\/www.luteryenkilisesi.org\/index.php?rest_route=%2Fwp%2Fv2%2Ftags&post=649"},{"taxonomy":"tribe_events_cat","embeddable":true,"href":"https:\/\/www.luteryenkilisesi.org\/index.php?rest_route=%2Fwp%2Fv2%2Ftribe_events_cat&post=649"}],"curies":[{"name":"wp","href":"https:\/\/api.w.org\/{rel}","templated":true}]}}

Kül Çarşambası

<p>&nbsp;</p>
<p><img loading="lazy" decoding="async" class="wp-image-1714 size-medium alignleft" src="http://www.luteryenkilisesi.org/wp-content/uploads/2017/10/mor_liturjik-300x208.jpg" alt="" width="300" height="208" srcset="https://www.luteryenkilisesi.org/wp-content/uploads/2017/10/mor_liturjik-300x208.jpg 300w, https://www.luteryenkilisesi.org/wp-content/uploads/2017/10/mor_liturjik.jpg 402w" sizes="auto, (max-width: 300px) 100vw, 300px" /></p>
<p>&nbsp;</p>
<p><strong>Litürjik renk: </strong>Mor<br />
<strong>Mezmur: </strong><a href="https://sahneleme.incil.info/referans/Mezmurlar+57:1" target="_blank" rel="noopener noreferrer">57:1-3</a>, <a href="https://sahneleme.incil.info/referans/Mezmurlar+57:10" target="_blank" rel="noopener noreferrer">10-11</a><br />
<strong>Eski Antlaşma&#8217;dan: </strong><a href="https://sahneleme.incil.info/referans/Yoel+2:12" target="_blank" rel="noopener noreferrer">Yoe. 2:12-19</a><br />
<strong>Yeni Antlaşma&#8217;dan:</strong> <a href="https://sahneleme.incil.info/referans/2.+Petrus+1:1" target="_blank" rel="noopener noreferrer">2Pe. 1:1–11</a><br />
<strong>Müjde:</strong> <a href="https://sahneleme.incil.info/referans/Matta+6:16" target="_blank" rel="noopener noreferrer">Matta 6:16-21</a></p>

<p>&nbsp; &nbsp; Litürjik renk: Mor Mezmur: 57:1-3, 10-11 Eski Antlaşma&#8217;dan: Yoe. 2:12-19 Yeni Antlaşma&#8217;dan: 2Pe. 1:1–11 Müjde: Matta 6:16-21</p>
