{"id":669,"date":"2016-12-05T13:46:10","date_gmt":"2016-12-05T10:46:10","guid":{"rendered":"http:\/\/www.luteryenkilisesi.org\/wp_dev\/event\/25-06-2017-yahyanin-gunu\/"},"modified":"2023-03-21T23:32:40","modified_gmt":"2023-03-21T20:32:40","slug":"25-06-2017-yahyanin-gunu","status":"publish","type":"tribe_events","link":"https:\/\/www.luteryenkilisesi.org\/?tribe_events=25-06-2017-yahyanin-gunu","title":{"rendered":"Vaftizci Yahya&#8217;n\u0131n G\u00fcn\u00fc"},"content":{"rendered":"<p><img loading=\"lazy\" decoding=\"async\" class=\"wp-image-1724 size-full alignleft\" src=\"http:\/\/www.luteryenkilisesi.org\/wp-content\/uploads\/2017\/10\/beyaz_liturjik.jpg\" alt=\"\" width=\"255\" height=\"253\" srcset=\"https:\/\/www.luteryenkilisesi.org\/wp-content\/uploads\/2017\/10\/beyaz_liturjik.jpg 255w, https:\/\/www.luteryenkilisesi.org\/wp-content\/uploads\/2017\/10\/beyaz_liturjik-150x150.jpg 150w\" sizes=\"auto, (max-width: 255px) 100vw, 255px\" \/><\/p>\n<p>&nbsp;<\/p>\n<p><strong>Lit\u00fcrjik renk:<\/strong>\u00a0Beyaz<strong><br \/>\nMezmur:<\/strong>\u00a0<a href=\"https:\/\/sahneleme.incil.info\/referans\/Mezmurlar+92:1\" target=\"_blank\" rel=\"noopener noreferrer\">92:1-5<\/a>, <a href=\"https:\/\/sahneleme.incil.info\/referans\/Mezmurlar+92:12\" target=\"_blank\" rel=\"noopener noreferrer\">12-15<\/a><br \/>\n<strong>Eski Antla\u015fma&#8217;dan:\u00a0<\/strong><a href=\"https:\/\/sahneleme.incil.info\/referans\/Ye%C5%9Faya+45:8\" target=\"_blank\" rel=\"noopener noreferrer\">Y\u015fa. 45:8-12<\/a><br \/>\n<strong>Yeni Antla\u015fma&#8217;dan:<\/strong>\u00a0<a href=\"https:\/\/sahneleme.incil.info\/referans\/Koloseliler+1:10\" target=\"_blank\" rel=\"noopener noreferrer\">Kol. 1:10\u201314<\/a><br \/>\n<strong>M\u00fcjde:\u00a0<\/strong><a href=\"https:\/\/sahneleme.incil.info\/referans\/Markos+6:14\" target=\"_blank\" rel=\"noopener noreferrer\">Markos\u00a06:14-29<\/a><\/p>\n","protected":false},"excerpt":{"rendered":"<p>&nbsp; Lit\u00fcrjik renk:\u00a0Beyaz Mezmur:\u00a092:1-5, 12-15 Eski Antla\u015fma&#8217;dan:\u00a0Y\u015fa. 45:8-12 Yeni Antla\u015fma&#8217;dan:\u00a0Kol. 1:10\u201314 M\u00fcjde:\u00a0Markos\u00a06:14-29<\/p>\n","protected":false},"author":1,"featured_media":0,"template":"","meta":{"_monsterinsights_skip_tracking":false,"_monsterinsights_sitenote_active":false,"_monsterinsights_sitenote_note":"","_monsterinsights_sitenote_category":0,"_tribe_events_status":"","_tribe_events_status_reason":"","footnotes":""},"tags":[],"tribe_events_cat":[18],"class_list":["post-669","tribe_events","type-tribe_events","status-publish","hentry","tribe_events_cat-b-yili","cat_b-yili"],"_links":{"self":[{"href":"https:\/\/www.luteryenkilisesi.org\/index.php?rest_route=\/wp\/v2\/tribe_events\/669","targetHints":{"allow":["GET"]}}],"collection":[{"href":"https:\/\/www.luteryenkilisesi.org\/index.php?rest_route=\/wp\/v2\/tribe_events"}],"about":[{"href":"https:\/\/www.luteryenkilisesi.org\/index.php?rest_route=\/wp\/v2\/types\/tribe_events"}],"author":[{"embeddable":true,"href":"https:\/\/www.luteryenkilisesi.org\/index.php?rest_route=\/wp\/v2\/users\/1"}],"version-history":[{"count":4,"href":"https:\/\/www.luteryenkilisesi.org\/index.php?rest_route=\/wp\/v2\/tribe_events\/669\/revisions"}],"predecessor-version":[{"id":2118,"href":"https:\/\/www.luteryenkilisesi.org\/index.php?rest_route=\/wp\/v2\/tribe_events\/669\/revisions\/2118"}],"wp:attachment":[{"href":"https:\/\/www.luteryenkilisesi.org\/index.php?rest_route=%2Fwp%2Fv2%2Fmedia&parent=669"}],"wp:term":[{"taxonomy":"post_tag","embeddable":true,"href":"https:\/\/www.luteryenkilisesi.org\/index.php?rest_route=%2Fwp%2Fv2%2Ftags&post=669"},{"taxonomy":"tribe_events_cat","embeddable":true,"href":"https:\/\/www.luteryenkilisesi.org\/index.php?rest_route=%2Fwp%2Fv2%2Ftribe_events_cat&post=669"}],"curies":[{"name":"wp","href":"https:\/\/api.w.org\/{rel}","templated":true}]}}

Vaftizci Yahya&#8217;nın Günü

<p><img loading="lazy" decoding="async" class="wp-image-1724 size-full alignleft" src="http://www.luteryenkilisesi.org/wp-content/uploads/2017/10/beyaz_liturjik.jpg" alt="" width="255" height="253" srcset="https://www.luteryenkilisesi.org/wp-content/uploads/2017/10/beyaz_liturjik.jpg 255w, https://www.luteryenkilisesi.org/wp-content/uploads/2017/10/beyaz_liturjik-150x150.jpg 150w" sizes="auto, (max-width: 255px) 100vw, 255px" /></p>
<p>&nbsp;</p>
<p><strong>Litürjik renk:</strong> Beyaz<strong><br />
Mezmur:</strong> <a href="https://sahneleme.incil.info/referans/Mezmurlar+92:1" target="_blank" rel="noopener noreferrer">92:1-5</a>, <a href="https://sahneleme.incil.info/referans/Mezmurlar+92:12" target="_blank" rel="noopener noreferrer">12-15</a><br />
<strong>Eski Antlaşma&#8217;dan: </strong><a href="https://sahneleme.incil.info/referans/Ye%C5%9Faya+45:8" target="_blank" rel="noopener noreferrer">Yşa. 45:8-12</a><br />
<strong>Yeni Antlaşma&#8217;dan:</strong> <a href="https://sahneleme.incil.info/referans/Koloseliler+1:10" target="_blank" rel="noopener noreferrer">Kol. 1:10–14</a><br />
<strong>Müjde: </strong><a href="https://sahneleme.incil.info/referans/Markos+6:14" target="_blank" rel="noopener noreferrer">Markos 6:14-29</a></p>

<p>&nbsp; Litürjik renk: Beyaz Mezmur: 92:1-5, 12-15 Eski Antlaşma&#8217;dan: Yşa. 45:8-12 Yeni Antlaşma&#8217;dan: Kol. 1:10–14 Müjde: Markos 6:14-29</p>
