{"id":673,"date":"2016-12-05T13:46:11","date_gmt":"2016-12-05T10:46:11","guid":{"rendered":"http:\/\/www.luteryenkilisesi.org\/wp_dev\/event\/23-07-2017-olagan-devre-12-pazar-gunu-nurlu-isa\/"},"modified":"2023-03-21T23:55:31","modified_gmt":"2023-03-21T20:55:31","slug":"23-07-2017-olagan-devre-12-pazar-gunu-nurlu-isa","status":"publish","type":"tribe_events","link":"https:\/\/www.luteryenkilisesi.org\/?tribe_events=23-07-2017-olagan-devre-12-pazar-gunu-nurlu-isa","title":{"rendered":"Ola\u011fan devre 12. Pazar g\u00fcn\u00fc (Mesih \u0130sa&#8217;n\u0131n Nurlu G\u00f6r\u00fcn\u00fcm\u00fc)"},"content":{"rendered":"<p><a href=\"http:\/\/www.luteryenkilisesi.org\/wp-content\/uploads\/2016\/12\/Kutsal_Ruh_ile_soz-e1481030594348.jpeg\"><img loading=\"lazy\" decoding=\"async\" class=\"alignleft wp-image-707 size-medium\" src=\"http:\/\/www.luteryenkilisesi.org\/wp-content\/uploads\/2016\/12\/Kutsal_Ruh_ile_soz-e1591957871504-200x300.jpeg\" alt=\"kutsal_ruh_ile_soz\" width=\"200\" height=\"300\" srcset=\"https:\/\/www.luteryenkilisesi.org\/wp-content\/uploads\/2016\/12\/Kutsal_Ruh_ile_soz-e1591957871504-200x300.jpeg 200w, https:\/\/www.luteryenkilisesi.org\/wp-content\/uploads\/2016\/12\/Kutsal_Ruh_ile_soz-e1591957871504-768x1152.jpeg 768w, https:\/\/www.luteryenkilisesi.org\/wp-content\/uploads\/2016\/12\/Kutsal_Ruh_ile_soz-e1591957871504-683x1024.jpeg 683w, https:\/\/www.luteryenkilisesi.org\/wp-content\/uploads\/2016\/12\/Kutsal_Ruh_ile_soz-e1591957871504-1024x1536.jpeg 1024w, https:\/\/www.luteryenkilisesi.org\/wp-content\/uploads\/2016\/12\/Kutsal_Ruh_ile_soz-e1591957871504-1365x2048.jpeg 1365w\" sizes=\"auto, (max-width: 200px) 100vw, 200px\" \/><\/a><\/p>\n<p>&nbsp;<\/p>\n<p><strong>Lit\u00fcrjik renk:\u00a0<\/strong>Beyaz<br \/>\n<strong>Mezmur:<\/strong>\u00a0<a href=\"https:\/\/sahneleme.incil.info\/referans\/Mezmurlar+97:1\" target=\"_blank\" rel=\"noopener noreferrer\">97:1-6<\/a>, <a href=\"https:\/\/sahneleme.incil.info\/referans\/Mezmurlar+97:10\" target=\"_blank\" rel=\"noopener noreferrer\">10-12<\/a><br \/>\n<strong>Eski Antla\u015fma\u2019dan:<\/strong>\u00a0Y\u015fa. <a href=\"https:\/\/sahneleme.incil.info\/referans\/Ye%C5%9Faya+55:4\" target=\"_blank\" rel=\"noopener noreferrer\">55:4-7<\/a><br \/>\n<strong>Yeni Antla\u015fma\u2019dan:<\/strong>\u00a0Va. <a href=\"https:\/\/sahneleme.incil.info\/referans\/Vahiy+1:9\" target=\"_blank\" rel=\"noopener noreferrer\">1:9\u201318<\/a><br \/>\n<strong>M\u00fcjde:\u00a0<\/strong>Yuhanna <a href=\"https:\/\/sahneleme.incil.info\/referans\/Yuhanna+17:1\" target=\"_blank\" rel=\"noopener noreferrer\">17:1-5<\/a><\/p>\n","protected":false},"excerpt":{"rendered":"<p>&nbsp; Lit\u00fcrjik renk:\u00a0Beyaz Mezmur:\u00a097:1-6, 10-12 Eski Antla\u015fma\u2019dan:\u00a0Y\u015fa. 55:4-7 Yeni Antla\u015fma\u2019dan:\u00a0Va. 1:9\u201318 M\u00fcjde:\u00a0Yuhanna 17:1-5<\/p>\n","protected":false},"author":1,"featured_media":0,"template":"","meta":{"_monsterinsights_skip_tracking":false,"_monsterinsights_sitenote_active":false,"_monsterinsights_sitenote_note":"","_monsterinsights_sitenote_category":0,"_tribe_events_status":"","_tribe_events_status_reason":"","footnotes":""},"tags":[],"tribe_events_cat":[18],"class_list":["post-673","tribe_events","type-tribe_events","status-publish","hentry","tribe_events_cat-b-yili","cat_b-yili"],"_links":{"self":[{"href":"https:\/\/www.luteryenkilisesi.org\/index.php?rest_route=\/wp\/v2\/tribe_events\/673","targetHints":{"allow":["GET"]}}],"collection":[{"href":"https:\/\/www.luteryenkilisesi.org\/index.php?rest_route=\/wp\/v2\/tribe_events"}],"about":[{"href":"https:\/\/www.luteryenkilisesi.org\/index.php?rest_route=\/wp\/v2\/types\/tribe_events"}],"author":[{"embeddable":true,"href":"https:\/\/www.luteryenkilisesi.org\/index.php?rest_route=\/wp\/v2\/users\/1"}],"version-history":[{"count":4,"href":"https:\/\/www.luteryenkilisesi.org\/index.php?rest_route=\/wp\/v2\/tribe_events\/673\/revisions"}],"predecessor-version":[{"id":2124,"href":"https:\/\/www.luteryenkilisesi.org\/index.php?rest_route=\/wp\/v2\/tribe_events\/673\/revisions\/2124"}],"wp:attachment":[{"href":"https:\/\/www.luteryenkilisesi.org\/index.php?rest_route=%2Fwp%2Fv2%2Fmedia&parent=673"}],"wp:term":[{"taxonomy":"post_tag","embeddable":true,"href":"https:\/\/www.luteryenkilisesi.org\/index.php?rest_route=%2Fwp%2Fv2%2Ftags&post=673"},{"taxonomy":"tribe_events_cat","embeddable":true,"href":"https:\/\/www.luteryenkilisesi.org\/index.php?rest_route=%2Fwp%2Fv2%2Ftribe_events_cat&post=673"}],"curies":[{"name":"wp","href":"https:\/\/api.w.org\/{rel}","templated":true}]}}

Olağan devre 12. Pazar günü (Mesih İsa&#8217;nın Nurlu Görünümü)

<p><a href="http://www.luteryenkilisesi.org/wp-content/uploads/2016/12/Kutsal_Ruh_ile_soz-e1481030594348.jpeg"><img loading="lazy" decoding="async" class="alignleft wp-image-707 size-medium" src="http://www.luteryenkilisesi.org/wp-content/uploads/2016/12/Kutsal_Ruh_ile_soz-e1591957871504-200x300.jpeg" alt="kutsal_ruh_ile_soz" width="200" height="300" srcset="https://www.luteryenkilisesi.org/wp-content/uploads/2016/12/Kutsal_Ruh_ile_soz-e1591957871504-200x300.jpeg 200w, https://www.luteryenkilisesi.org/wp-content/uploads/2016/12/Kutsal_Ruh_ile_soz-e1591957871504-768x1152.jpeg 768w, https://www.luteryenkilisesi.org/wp-content/uploads/2016/12/Kutsal_Ruh_ile_soz-e1591957871504-683x1024.jpeg 683w, https://www.luteryenkilisesi.org/wp-content/uploads/2016/12/Kutsal_Ruh_ile_soz-e1591957871504-1024x1536.jpeg 1024w, https://www.luteryenkilisesi.org/wp-content/uploads/2016/12/Kutsal_Ruh_ile_soz-e1591957871504-1365x2048.jpeg 1365w" sizes="auto, (max-width: 200px) 100vw, 200px" /></a></p>
<p>&nbsp;</p>
<p><strong>Litürjik renk: </strong>Beyaz<br />
<strong>Mezmur:</strong> <a href="https://sahneleme.incil.info/referans/Mezmurlar+97:1" target="_blank" rel="noopener noreferrer">97:1-6</a>, <a href="https://sahneleme.incil.info/referans/Mezmurlar+97:10" target="_blank" rel="noopener noreferrer">10-12</a><br />
<strong>Eski Antlaşma’dan:</strong> Yşa. <a href="https://sahneleme.incil.info/referans/Ye%C5%9Faya+55:4" target="_blank" rel="noopener noreferrer">55:4-7</a><br />
<strong>Yeni Antlaşma’dan:</strong> Va. <a href="https://sahneleme.incil.info/referans/Vahiy+1:9" target="_blank" rel="noopener noreferrer">1:9–18</a><br />
<strong>Müjde: </strong>Yuhanna <a href="https://sahneleme.incil.info/referans/Yuhanna+17:1" target="_blank" rel="noopener noreferrer">17:1-5</a></p>

<p>&nbsp; Litürjik renk: Beyaz Mezmur: 97:1-6, 10-12 Eski Antlaşma’dan: Yşa. 55:4-7 Yeni Antlaşma’dan: Va. 1:9–18 Müjde: Yuhanna 17:1-5</p>
