{"id":674,"date":"2016-12-05T13:46:11","date_gmt":"2016-12-05T10:46:11","guid":{"rendered":"http:\/\/www.luteryenkilisesi.org\/wp_dev\/event\/30-07-2017-olagan-devre-13-pazar-gunu\/"},"modified":"2023-03-21T23:57:00","modified_gmt":"2023-03-21T20:57:00","slug":"30-07-2017-olagan-devre-13-pazar-gunu","status":"publish","type":"tribe_events","link":"https:\/\/www.luteryenkilisesi.org\/?tribe_events=30-07-2017-olagan-devre-13-pazar-gunu","title":{"rendered":"Ola\u011fan devre 13. Pazar g\u00fcn\u00fc"},"content":{"rendered":"<p><a href=\"http:\/\/www.luteryenkilisesi.org\/wp-content\/uploads\/2016\/12\/Hristos_monogrami_PX.jpeg\"><img loading=\"lazy\" decoding=\"async\" class=\"alignleft wp-image-705 size-medium\" src=\"http:\/\/www.luteryenkilisesi.org\/wp-content\/uploads\/2016\/12\/Hristos_monogrami_PX-e1591956522156-200x300.jpeg\" alt=\"hristos_monogrami_px\" width=\"200\" height=\"300\" \/><\/a><\/p>\n<p>&nbsp;<\/p>\n<p><strong>Lit\u00fcrjik renk:<\/strong>\u00a0Ye\u015fil<br \/>\n<strong>Mezmur:<\/strong>\u00a0<a href=\"https:\/\/sahneleme.incil.info\/referans\/Mezmurlar+92:4\" target=\"_blank\" rel=\"noopener noreferrer\">92:4-9<\/a>, <a href=\"https:\/\/sahneleme.incil.info\/referans\/Mezmurlar+92:12\" target=\"_blank\" rel=\"noopener noreferrer\">12-15<\/a><br \/>\n<strong>Eski Antla\u015fma\u2019dan:<\/strong>\u00a01Kr. <a href=\"https:\/\/sahneleme.incil.info\/referans\/1.+Krallar+18:21\" target=\"_blank\" rel=\"noopener noreferrer\">18:21-39<\/a><br \/>\n<strong>Yeni Antla\u015fma\u2019dan:<\/strong>\u00a0\u0130br. <a href=\"https:\/\/sahneleme.incil.info\/referans\/%C4%B0braniler+4:1\" target=\"_blank\" rel=\"noopener noreferrer\">4:1\u20132<\/a>, <a href=\"https:\/\/sahneleme.incil.info\/referans\/%C4%B0braniler+4:9\" target=\"_blank\" rel=\"noopener noreferrer\">9-13<\/a><br \/>\n<strong>M\u00fcjde:\u00a0<\/strong>Matta<strong>\u00a0<\/strong><a href=\"https:\/\/sahneleme.incil.info\/referans\/Matta+7:13\" target=\"_blank\" rel=\"noopener noreferrer\">7:13-14<\/a><\/p>\n","protected":false},"excerpt":{"rendered":"<p>&nbsp; Lit\u00fcrjik renk:\u00a0Ye\u015fil Mezmur:\u00a092:4-9, 12-15 Eski Antla\u015fma\u2019dan:\u00a01Kr. 18:21-39 Yeni Antla\u015fma\u2019dan:\u00a0\u0130br. 4:1\u20132, 9-13 M\u00fcjde:\u00a0Matta\u00a07:13-14<\/p>\n","protected":false},"author":1,"featured_media":0,"template":"","meta":{"_monsterinsights_skip_tracking":false,"_monsterinsights_sitenote_active":false,"_monsterinsights_sitenote_note":"","_monsterinsights_sitenote_category":0,"_tribe_events_status":"","_tribe_events_status_reason":"","footnotes":""},"tags":[],"tribe_events_cat":[18],"class_list":["post-674","tribe_events","type-tribe_events","status-publish","hentry","tribe_events_cat-b-yili","cat_b-yili"],"_links":{"self":[{"href":"https:\/\/www.luteryenkilisesi.org\/index.php?rest_route=\/wp\/v2\/tribe_events\/674","targetHints":{"allow":["GET"]}}],"collection":[{"href":"https:\/\/www.luteryenkilisesi.org\/index.php?rest_route=\/wp\/v2\/tribe_events"}],"about":[{"href":"https:\/\/www.luteryenkilisesi.org\/index.php?rest_route=\/wp\/v2\/types\/tribe_events"}],"author":[{"embeddable":true,"href":"https:\/\/www.luteryenkilisesi.org\/index.php?rest_route=\/wp\/v2\/users\/1"}],"version-history":[{"count":4,"href":"https:\/\/www.luteryenkilisesi.org\/index.php?rest_route=\/wp\/v2\/tribe_events\/674\/revisions"}],"predecessor-version":[{"id":2126,"href":"https:\/\/www.luteryenkilisesi.org\/index.php?rest_route=\/wp\/v2\/tribe_events\/674\/revisions\/2126"}],"wp:attachment":[{"href":"https:\/\/www.luteryenkilisesi.org\/index.php?rest_route=%2Fwp%2Fv2%2Fmedia&parent=674"}],"wp:term":[{"taxonomy":"post_tag","embeddable":true,"href":"https:\/\/www.luteryenkilisesi.org\/index.php?rest_route=%2Fwp%2Fv2%2Ftags&post=674"},{"taxonomy":"tribe_events_cat","embeddable":true,"href":"https:\/\/www.luteryenkilisesi.org\/index.php?rest_route=%2Fwp%2Fv2%2Ftribe_events_cat&post=674"}],"curies":[{"name":"wp","href":"https:\/\/api.w.org\/{rel}","templated":true}]}}

Olağan devre 13. Pazar günü

<p><a href="http://www.luteryenkilisesi.org/wp-content/uploads/2016/12/Hristos_monogrami_PX.jpeg"><img loading="lazy" decoding="async" class="alignleft wp-image-705 size-medium" src="http://www.luteryenkilisesi.org/wp-content/uploads/2016/12/Hristos_monogrami_PX-e1591956522156-200x300.jpeg" alt="hristos_monogrami_px" width="200" height="300" /></a></p>
<p>&nbsp;</p>
<p><strong>Litürjik renk:</strong> Yeşil<br />
<strong>Mezmur:</strong> <a href="https://sahneleme.incil.info/referans/Mezmurlar+92:4" target="_blank" rel="noopener noreferrer">92:4-9</a>, <a href="https://sahneleme.incil.info/referans/Mezmurlar+92:12" target="_blank" rel="noopener noreferrer">12-15</a><br />
<strong>Eski Antlaşma’dan:</strong> 1Kr. <a href="https://sahneleme.incil.info/referans/1.+Krallar+18:21" target="_blank" rel="noopener noreferrer">18:21-39</a><br />
<strong>Yeni Antlaşma’dan:</strong> İbr. <a href="https://sahneleme.incil.info/referans/%C4%B0braniler+4:1" target="_blank" rel="noopener noreferrer">4:1–2</a>, <a href="https://sahneleme.incil.info/referans/%C4%B0braniler+4:9" target="_blank" rel="noopener noreferrer">9-13</a><br />
<strong>Müjde: </strong>Matta<strong> </strong><a href="https://sahneleme.incil.info/referans/Matta+7:13" target="_blank" rel="noopener noreferrer">7:13-14</a></p>

<p>&nbsp; Litürjik renk: Yeşil Mezmur: 92:4-9, 12-15 Eski Antlaşma’dan: 1Kr. 18:21-39 Yeni Antlaşma’dan: İbr. 4:1–2, 9-13 Müjde: Matta 7:13-14</p>
